7).
-2
Let j(y) = -y**3 - 6*y**2 + 4*y - 6. Suppose 72 = -99*l + 87*l. Give j(l).
-30
Let n(y) = y + 5. Suppose 3*s + 33 = 4*a, 4*a - 38 = -0*s - 2*s. Let l = a - 18. Let b(k) = k**2 + 8*k - 9. Let h be b(l). What is n(h)?
5
Let k(b) be the third derivative of b**7/2520 - b**6/720 - b**5/20 - 3*b**4/8 + b**3/3 + 19*b**2. Let z(t) be the second derivative of k(t). Determine z(3).
0
Let k = 18676 - 18678. Let d(z) = 10*z**3 + z**2 + 5*z + 5. What is d(k)?
-81
Let l(c) = -c**2 + 20*c - 12. Suppose -1956 = -120*f + 84. Give l(f).
39
Let o be 18/(-2 - 1) + -2. Let x(s) = -49*s**2 + 8*s - 11. Let n(m) = 8*m**2 - 3*m + 1. Let a(z) = 6*n(z) + x(z). Calculate a(o).
11
Let l(b) = b**3 + 5*b**2 - 5*b + 8. Suppose -46*r + 3864 = -0*r. Suppose 2*i + 4*w = -12, 4*w - r = 2*i - 72. Calculate l(i).
2
Let j(y) = -y**2 + 23*y + 16. Suppose -356 + 212 = -6*k. What is j(k)?
-8
Let b(q) be the second derivative of 1/20*q**5 + 0 + 1/2*q**2 - 2/3*q**3 + 16*q + 0*q**4. Suppose 5*m - 6 - 21 = -4*i, -3*m - 6 = -5*i. Give b(i).
16
Let k(j) be the third derivative of -j**5/12 - j**4/24 - j**3/6 + 751*j**2. Give k(-3).
-43
Let z(o) be the third derivative of -o**5/60 - o**4/12 - 7*o**3/6 - 3*o**2 + 99*o. What is z(-4)?
-15
Let p(g) be the third derivative of -g**5/60 - g**4/2 + g**3 + g**2. Let j be ((-148)/(-35) + 4/(-5))/(8/(-28)). Give p(j).
6
Let f = 3 + 0. Let w(v) = -16*v**3 + 28*v**2 - 6*v + 2. Let o(y) = 67*y**3 - 117*y**2 + 26*y - 9. Let q(d) = -5*o(d) - 21*w(d). Give q(f).
-9
Let x(h) = -h - 72. Let w(b) = 8*b + 644. Let c(q) = -3*w(q) - 28*x(q). What is c(-20)?
4
Let u(l) = -l + 9. Let d(g) = -g**3 + 8*g**2 - 5*g + 47. Let v be d(8). Determine u(v).
2
Let u(x) be the second derivative of 5*x**3/3 + 100*x**2 + 99*x - 1. Give u(-20).
0
Let n(f) = 16*f + 737. Let u be n(-46). Let l(s) = s + 1. Calculate l(u).
2
Let m(r) = 72*r + 84 - 38*r - 42*r - 7. What is m(9)?
5
Suppose 4*w + 1 = 29. Suppose 72 = w*n - 5. Let p(b) = 2*b**2 - n*b + 1 + 4*b + 6*b**2 - 7*b**2. Determine p(5).
-9
Let a(n) = -n**2 - 12*n + 12. Let f be a(-13). Let m(k) = k - 1. Let g(s) = -6*s + 20. Let v(r) = f*g(r) - 8*m(r). Determine v(-9).
6
Let r(b) = -5*b - 222*b**2 + 625*b**2 - 184*b**2 - 8 - 218*b**2. Give r(6).
-2
Let y(t) be the third derivative of -t**8/2240 - t**7/630 - t**5/120 + 29*t**4/6 + 4*t**2 - 38. Let r(k) be the second derivative of y(k). Determine r(-3).
44
Let x(g) = -5*g + 3. Let c(j) = j**2 + 39*j + 106. Let v be 2/(32/(-20)) - 28/16. Let k be c(v). Give x(k).
13
Let j(f) be the second derivative of -f**5/20 + 13*f**4/4 - 13*f**3 + 77*f**2 - 1793*f. Determine j(37).
6
Suppose 5 = 6*v - 5*v. Let q(s) = -7*s**2 + 13*s + 2. Suppose 10*u - 14*u = 4. Let f(j) = -j**2 + j + 1. Let x(y) = u*q(y) + 6*f(y). Determine x(v).
-6
Suppose 144*l - 21 = 123. Let j(m) = -51*m**3 + 3*m**2 - 2*m + 1. Give j(l).
-49
Let z = 82 + -28. Let w = z + -61. Let q(y) = -5*y - y**2 - 8 + 1 - 3*y. Determine q(w).
0
Let z(g) = 20*g**2 + 4*g - 13. Let w(i) = 5*i**2 + i - 3. Let j be (-2 + (-2 - 0))*(-27)/(-12). Suppose -1 = y - 3. Let h(k) = j*w(k) + y*z(k). Determine h(1).
-5
Suppose -4*g = 5*n - 25, 0*g = 2*n - 2*g - 10. Let w(y) = -9*y - n + 3*y + 11*y. Determine w(4).
15
Let v(f) be the third derivative of -f**3 - 2 + 0*f + 1/12*f**4 + 1/120*f**6 + f**2 + 7/60*f**5. Let q = -47 + 41. Calculate v(q).
18
Let c(i) be the second derivative of 11/2*i**2 + 1/20*i**5 + 11/6*i**3 - 15 + 3/4*i**4 - 2*i. What is c(-8)?
-13
Let j(f) = 2*f**3 - 3*f**2. Let q(x) = -5*x**3 - 6*x**2 + 13*x + 10. Let u(o) = 3*j(o) + q(o). Give u(14).
-4
Let z(h) = -h**2 - 2*h - 3. Let k(j) = -j**2 + 10*j - 12. Let g be (-1608)/15 - 3/(-15). Let c = -98 - g. Let y be k(c). Give z(y).
-6
Suppose 18 - 18 = -9*j + 54. Let k(p) = -p**3 + 7*p**2 - 4*p - 13. What is k(j)?
-1
Suppose -6*b - 42 = -20*b. Let i(r) = -39 + 19 - b*r + 21. Let u be -4 - (0/1 + -1). Determine i(u).
10
Let d(h) be the first derivative of 32 - 1/4*h**4 - 7/3*h**3 - 8*h + 3*h**2. Give d(-8).
8
Let c(u) = -u. Let v(s) = s - 47. Let w(h) = -3*c(h) - v(h). Let t be w(-23). Let k(j) = j**2 - 3*j + 1. Give k(t).
-1
Let p(w) = -w**3 - 37*w**2 + w + 39. Let g be p(-37). Let l(y) = -11 + 0 + 15*y - 7*y + 1 + y**g. Let a(h) = -2*h - 4. Let r be a(2). What is l(r)?
-10
Let x(c) = 0*c**2 - 29 + 1 - c**2 + 19*c**2 - 9*c - 20*c**2. Determine x(-4).
-24
Let j(y) be the third derivative of -y**4/24 - y**3/6 + y**2. Let l(b) = -b**3 - 14*b**2 - 47*b - 8. Let a be l(-5). Give j(a).
-3
Let p(t) = -t**3 - 8*t**2 - t - 1. Let k be (135/20 + -3)/(24/32). Suppose b = 2*q - 16, b - k*q + 8*q - 4 = 0. Calculate p(b).
7
Let x(l) = 3*l - 2*l + 4 + l. Let s be 11374/3102*(-42)/22. Calculate x(s).
-10
Let j be 5 + (448/(-44) - (18 - 600/33)). Let f(b) = 2*b - 2*b - b - 1. Calculate f(j).
4
Let v(l) = -l**3 + 7. Let p be ((-4)/(-6))/(858/(-3861)). Give v(p).
34
Let n(x) = -96*x - 16*x**2 - 638062 + 1276125 - 638060. What is n(-6)?
3
Let h(f) = 312*f - 3122. Let i be h(10). Let t(x) = -2*x**2 + 8*x + 21. Determine t(i).
-3
Let m(z) = -z**2 + 9*z - 10. Let g be m(8). Let s be 6/(-1) + g + 9 + 6. Let k(o) = o**2 - 7*o + 1. Calculate k(s).
1
Let g be 36/10 + 2/5. Let n = -787 - -857. Let b(d) = n*d - 5 + 92*d - 160*d. Calculate b(g).
3
Let x(v) = v - 2. Suppose -2*i = 4*i + 30. Let l be ((240/18)/i)/(1/3). Let b(c) = -c**3 - 9*c**2 - 11*c - 18. Let w be b(l). What is x(w)?
4
Let p(w) = -10*w - 122. Suppose -291 + 344 = -472*d - 6083. What is p(d)?
8
Let s(l) = 2*l**2 - 12*l - 76. Let p(a) = 456*a + 466. Let o be p(-1). Calculate s(o).
4
Suppose 0 = 2*n + n - 15. Suppose -16*d - 23 = -87. Let b(r) = 3*r + 0*r**2 - 1 - 133*r**3 + 132*r**3 + d*r**2. Calculate b(n).
-11
Let c(u) = 2*u**2 + 111*u**3 - 2*u + 134*u**3 - 313*u**3 - u**2 - 2*u**2. Calculate c(-1).
69
Suppose 0 = -6*f + f + 185. Let o = -41 + f. Let c(h) be the second derivative of h**4/6 + h**3 + 3*h**2/2 + 9*h. Determine c(o).
11
Let y = -3493 + 3491. Let r(w) = -2*w**3 - w**2 - 5*w - 2. What is r(y)?
20
Let q(t) = t**2 + 6*t - 12. Suppose -29*w = -248*w - 1259 - 55. Give q(w).
-12
Let m(l) = 37*l**3 + 89*l**2 - 13*l - 76. Let t(q) = -14*q**3 - 30*q**2 + 5*q + 24. Let b(p) = -3*m(p) - 8*t(p). Determine b(27).
9
Let o = 1786 + -1793. Let b(s) = -s**3 - 6*s**2 + 7*s + 8. Calculate b(o).
8
Let w(l) = -5*l + 256 + 2*l + 261 - 532. Calculate w(-3).
-6
Let o(u) be the third derivative of -u**6/120 + u**5/12 - 5*u**4/24 + u**3/3 - 41*u**2. Let v(k) = -k**3 + 14*k**2 + 10*k - 137. Let j be v(14). Give o(j).
5
Let n(b) be the first derivative of 3*b**2/2 + 5806. Give n(3).
9
Let i(g) be the third derivative of g**5/60 + 7*g**4/8 + 5*g**3/3 + g**2 + 728*g. Give i(-17).
-58
Let x be 3 - (60*1)/(-4). Suppose -22 = -4*h - x. Let o(g) = -23*g + 10. Let i(f) = 8*f - 3. Let z(m) = -7*i(m) - 2*o(m). Calculate z(h).
-9
Let w(r) = -5*r. Suppose -2*m = -10*m + 24. Let u be (77/14 + -6)*(m + -3). Calculate w(u).
0
Let i be -193 + 196 + -1 + 1 + 3. Let z(l) = 8*l - 56. Give z(i).
-8
Let i = -30 - -42. Let w = 57 - i. Let g = w - 51. Let l(p) = -2*p - 5. Give l(g).
7
Let l(o) be the second derivative of -o**4/12 - 2*o**3/3 - o**2/2 - 8*o + 215. Let a = -6 + 3. Determine l(a).
2
Let d be (2*1 - 26/13)/2. Suppose -4*h + 1 = -7. Let n(o) = -4 + o**2 + o**3 - 2 - h. Give n(d).
-8
Suppose 5*k - 3*k + 5*k = 0. Suppose k = -3*j + 5*j - 8. Let m(y) = y - 12. Let d be m(j). Let u(q) = -q**3 - 7*q**2 + 6*q - 8. Give u(d).
8
Let l(v) = 38*v**2 - 5*v - 54. Let k(p) = 89*p**2 - 11*p - 109. Let s(y) = -3*k(y) + 7*l(y). What is s(0)?
-51
Let v(a) = 57*a - 343. Let b(j) = -12*j + 810. Let q be b(67). Give v(q).
-1
Suppose 0 = 39*n - 52 + 13. Let o(t) be the third derivative of t**7/5040 + t**6/720 + t**5/12 - 3*t**2. Let h(g) be the third derivative of o(g). Give h(n).
2
Let f(c) be the third derivative of c**6/120 + c**5/10 + 5*c**4/24 + c**3/3 - 2*c**2 - 27*c. What is f(-4)?
14
Suppose k - 2*m = -17, 43 + 18 = -5*k + 4*m. Let q(z) = 14*z - 1. Let s(a) = 32*a - 2. Let f(r) = k*q(r) + 4*s(r). Determine f(-4).
-7
Let c(y) = y**2 - 11*y + 3. Let p be (-2 + 2)/(3 + 3 + -7). Suppose 2*l - 39 = -5*o + l, -4*l + 16 = p. Determine c(o).
-25
Let f be 108/(-324) - 404/(-6). Let g(p) = -64*p + p**3 + f*p - 18 + 15 - 3*p**2. Let h(s) = -s + 5. Let n be h(3). Determine g(n).
-1
Let t(h)